{"id":90,"date":"2025-10-13T18:17:50","date_gmt":"2025-10-13T21:17:50","guid":{"rendered":"https:\/\/www.elprofemecapacita.cl\/web\/?page_id=90"},"modified":"2025-10-14T10:34:25","modified_gmt":"2025-10-14T13:34:25","slug":"juntas-de-vecinos","status":"publish","type":"page","link":"https:\/\/www.elprofemecapacita.cl\/web\/juntas-de-vecinos\/","title":{"rendered":"Juntas de vecinos"},"content":{"rendered":"\n<div class=\"wp-block-group alignfull has-global-padding is-layout-constrained wp-block-group-is-layout-constrained\" style=\"margin-top:0;margin-bottom:0;padding-top:var(--wp--preset--spacing--60);padding-bottom:var(--wp--preset--spacing--60)\">\n<h2 class=\"wp-block-heading alignwide\">Capacitaci\u00f3n directo en tu comunidad.<\/h2>\n\n\n\n<div class=\"wp-block-columns alignwide is-layout-flex wp-container-core-columns-is-layout-1d9f35bd wp-block-columns-is-layout-flex\">\n<div class=\"wp-block-column is-layout-flow wp-block-column-is-layout-flow\">\n<p>\u00bfSab\u00edas que puedes llevar nuestros cursos a tu Junta de Vecinos?<\/p>\n\n\n\n<p>Entendemos que el tiempo y la distancia pueden ser un problema. Por eso, hemos creado un modelo para llevar la capacitaci\u00f3n directamente a tu barrio. Nos coordinamos con la directiva de tu Junta de Vecinos para realizar los cursos en la sede comunitaria, facilitando el acceso a todos los vecinos interesados.<\/p>\n<\/div>\n<\/div>\n<\/div>\n\n\n\n<div class=\"wp-block-group alignfull is-style-section-1 has-global-padding is-layout-constrained wp-container-core-group-is-layout-3aaaaffa wp-block-group-is-layout-constrained is-style-section-1--1\" style=\"border-radius:0px;margin-top:0;margin-bottom:0;padding-top:var(--wp--preset--spacing--50);padding-right:var(--wp--preset--spacing--50);padding-bottom:var(--wp--preset--spacing--50);padding-left:var(--wp--preset--spacing--50)\">\n<h2 class=\"wp-block-heading alignwide\">Nuestro Proceso de Organizaci\u00f3n en 4 Pasos<\/h2>\n\n\n\n<p><br><\/p>\n\n\n\n<div class=\"wp-block-columns alignwide is-layout-flex wp-container-core-columns-is-layout-1d9f35bd wp-block-columns-is-layout-flex\">\n<div class=\"wp-block-column is-layout-flow wp-block-column-is-layout-flow\">\n<p class=\"has-text-align-left has-x-large-font-size\"><strong>1  Elige tu curso<\/strong><\/p>\n\n\n\n<p class=\"has-text-align-left\">Revisa nuestro cat\u00e1logo y encuentra el oficio que m\u00e1s le interese a tu comunidad.<\/p>\n\n\n\n<p><\/p>\n<\/div>\n<\/div>\n\n\n\n<div class=\"wp-block-columns alignwide is-layout-flex wp-container-core-columns-is-layout-1d9f35bd wp-block-columns-is-layout-flex\">\n<div class=\"wp-block-column is-layout-flow wp-block-column-is-layout-flow\">\n<p class=\"has-x-large-font-size\"><strong>2 Conversemos<\/strong><\/p>\n\n\n\n<p>La directiva de la Junta de Vecinos nos contacta. Conversamos para entender sus necesidades y coordinar los detalles.<\/p>\n\n\n\n<p><\/p>\n<\/div>\n<\/div>\n\n\n\n<div class=\"wp-block-columns alignwide is-layout-flex wp-container-core-columns-is-layout-1d9f35bd wp-block-columns-is-layout-flex\">\n<div class=\"wp-block-column is-layout-flow wp-block-column-is-layout-flow\">\n<p class=\"has-text-align-left has-x-large-font-size\"><strong>3  Reunimos a los interesados<\/strong><\/p>\n\n\n\n<p class=\"has-text-align-left\">Los reunimos en una jornada y fecha que sea conveniente para todos y realizamos el curso en tu sede o un lugar cercano.<\/p>\n\n\n\n<p><\/p>\n<\/div>\n<\/div>\n\n\n\n<div class=\"wp-block-columns alignwide is-layout-flex wp-container-core-columns-is-layout-1d9f35bd wp-block-columns-is-layout-flex\">\n<div class=\"wp-block-column is-layout-flow wp-block-column-is-layout-flow\">\n<p class=\"has-text-align-left has-x-large-font-size\"><strong>4 \u00a1Estudiamos!<\/strong><\/p>\n\n\n\n<p>Una vez reunidos los interesados en el curso, solo te queda poner las ganas de aprender. \u00a1Nosotros nos encargamos del resto!<\/p>\n<\/div>\n<\/div>\n<\/div>\n\n\n\n<div class=\"wp-block-group alignfull has-global-padding is-layout-constrained wp-block-group-is-layout-constrained\" style=\"margin-top:0;margin-bottom:0;padding-top:var(--wp--preset--spacing--60);padding-bottom:var(--wp--preset--spacing--60)\">\n<h2 class=\"wp-block-heading alignwide\">Juntas de Vecinos en Convenio<\/h2>\n\n\n\n<div class=\"wp-block-columns alignwide is-layout-flex wp-container-core-columns-is-layout-1d9f35bd wp-block-columns-is-layout-flex\">\n<div class=\"wp-block-column has-border-color is-layout-flow wp-block-column-is-layout-flow\" style=\"border-color:var(--wp--preset--color--accent-6);border-width:1px;border-radius:10px;padding-top:var(--wp--preset--spacing--50);padding-right:var(--wp--preset--spacing--50);padding-bottom:var(--wp--preset--spacing--50);padding-left:var(--wp--preset--spacing--50)\">\n<h3 class=\"wp-block-heading\">Junta de Vecinos N\u00b032 de Pedro Aguirre Cerda<\/h3>\n\n\n\n<p class=\"has-medium-font-size\">Pioneros en llevar la capacitaci\u00f3n a su comunidad, transformando la vida de sus vecinos con el curso de Instalaciones El\u00e9ctricas. Un verdadero caso de \u00e9xito que demuestra el poder de la organizaci\u00f3n comunitaria.<\/p>\n<\/div>\n\n\n\n<div class=\"wp-block-column has-border-color has-background is-layout-flow wp-block-column-is-layout-flow\" style=\"border-color:var(--wp--preset--color--accent-6);border-width:1px;border-radius:10px;background-color:#0468b4;padding-top:var(--wp--preset--spacing--50);padding-right:var(--wp--preset--spacing--50);padding-bottom:var(--wp--preset--spacing--50);padding-left:var(--wp--preset--spacing--50)\">\n<h3 class=\"wp-block-heading has-base-color has-text-color has-link-color wp-elements-0a136422c99f52a30cd5b21205bae028\"><strong>\u00bfLa tuya puede ser la pr\u00f3xima?<\/strong><\/h3>\n\n\n\n<p class=\"has-base-color has-text-color has-link-color has-medium-font-size wp-elements-663b225510e441badd564b09bd8d9aeb\">Invita a la directiva de tu Junta de Vecinos a contactarnos y s\u00e9 el motor de cambio en tu barrio.<\/p>\n\n\n\n<div class=\"wp-block-buttons is-content-justification-center is-layout-flex wp-container-core-buttons-is-layout-a89b3969 wp-block-buttons-is-layout-flex\">\n<div class=\"wp-block-button is-style-fill\"><a class=\"wp-block-button__link has-contrast-color has-accent-1-background-color has-text-color has-background has-link-color has-text-align-center wp-element-button\" href=\"https:\/\/www.elprofemecapacita.cl\/web\/contacto\/\"><strong>Invita a tu directiva<\/strong><\/a><\/div>\n<\/div>\n<\/div>\n<\/div>\n<\/div>\n","protected":false},"excerpt":{"rendered":"<p>Capacitaci\u00f3n directo en tu comunidad. \u00bfSab\u00edas que puedes llevar nuestros cursos a tu Junta de Vecinos? Entendemos que el tiempo y la distancia pueden ser un problema. Por eso, hemos creado un modelo para llevar la capacitaci\u00f3n directamente a tu barrio. Nos coordinamos con la directiva de tu Junta de Vecinos para realizar los cursos [&hellip;]<\/p>\n","protected":false},"author":1,"featured_media":0,"parent":0,"menu_order":0,"comment_status":"closed","ping_status":"closed","template":"portada","meta":{"footnotes":""},"class_list":["post-90","page","type-page","status-publish","hentry"],"_links":{"self":[{"href":"https:\/\/www.elprofemecapacita.cl\/web\/wp-json\/wp\/v2\/pages\/90","targetHints":{"allow":["GET"]}}],"collection":[{"href":"https:\/\/www.elprofemecapacita.cl\/web\/wp-json\/wp\/v2\/pages"}],"about":[{"href":"https:\/\/www.elprofemecapacita.cl\/web\/wp-json\/wp\/v2\/types\/page"}],"author":[{"embeddable":true,"href":"https:\/\/www.elprofemecapacita.cl\/web\/wp-json\/wp\/v2\/users\/1"}],"replies":[{"embeddable":true,"href":"https:\/\/www.elprofemecapacita.cl\/web\/wp-json\/wp\/v2\/comments?post=90"}],"version-history":[{"count":23,"href":"https:\/\/www.elprofemecapacita.cl\/web\/wp-json\/wp\/v2\/pages\/90\/revisions"}],"predecessor-version":[{"id":147,"href":"https:\/\/www.elprofemecapacita.cl\/web\/wp-json\/wp\/v2\/pages\/90\/revisions\/147"}],"wp:attachment":[{"href":"https:\/\/www.elprofemecapacita.cl\/web\/wp-json\/wp\/v2\/media?parent=90"}],"curies":[{"name":"wp","href":"https:\/\/api.w.org\/{rel}","templated":true}]}}

<div class="wp-block-group alignfull has-global-padding is-layout-constrained wp-block-group-is-layout-constrained" style="margin-top:0;margin-bottom:0;padding-top:var(--wp--preset--spacing--60);padding-bottom:var(--wp--preset--spacing--60)">
<h2 class="wp-block-heading alignwide">Capacitación directo en tu comunidad.</h2>



<div class="wp-block-columns alignwide is-layout-flex wp-container-core-columns-is-layout-1d9f35bd wp-block-columns-is-layout-flex">
<div class="wp-block-column is-layout-flow wp-block-column-is-layout-flow">
<p>¿Sabías que puedes llevar nuestros cursos a tu Junta de Vecinos?</p>



<p>Entendemos que el tiempo y la distancia pueden ser un problema. Por eso, hemos creado un modelo para llevar la capacitación directamente a tu barrio. Nos coordinamos con la directiva de tu Junta de Vecinos para realizar los cursos en la sede comunitaria, facilitando el acceso a todos los vecinos interesados.</p>
</div>
</div>
</div>



<div class="wp-block-group alignfull is-style-section-1 has-global-padding is-layout-constrained wp-container-core-group-is-layout-3aaaaffa wp-block-group-is-layout-constrained is-style-section-1--1" style="border-radius:0px;margin-top:0;margin-bottom:0;padding-top:var(--wp--preset--spacing--50);padding-right:var(--wp--preset--spacing--50);padding-bottom:var(--wp--preset--spacing--50);padding-left:var(--wp--preset--spacing--50)">
<h2 class="wp-block-heading alignwide">Nuestro Proceso de Organización en 4 Pasos</h2>



<p><br></p>



<div class="wp-block-columns alignwide is-layout-flex wp-container-core-columns-is-layout-1d9f35bd wp-block-columns-is-layout-flex">
<div class="wp-block-column is-layout-flow wp-block-column-is-layout-flow">
<p class="has-text-align-left has-x-large-font-size"><strong>1  Elige tu curso</strong></p>



<p class="has-text-align-left">Revisa nuestro catálogo y encuentra el oficio que más le interese a tu comunidad.</p>



<p></p>
</div>
</div>



<div class="wp-block-columns alignwide is-layout-flex wp-container-core-columns-is-layout-1d9f35bd wp-block-columns-is-layout-flex">
<div class="wp-block-column is-layout-flow wp-block-column-is-layout-flow">
<p class="has-x-large-font-size"><strong>2 Conversemos</strong></p>



<p>La directiva de la Junta de Vecinos nos contacta. Conversamos para entender sus necesidades y coordinar los detalles.</p>



<p></p>
</div>
</div>



<div class="wp-block-columns alignwide is-layout-flex wp-container-core-columns-is-layout-1d9f35bd wp-block-columns-is-layout-flex">
<div class="wp-block-column is-layout-flow wp-block-column-is-layout-flow">
<p class="has-text-align-left has-x-large-font-size"><strong>3  Reunimos a los interesados</strong></p>



<p class="has-text-align-left">Los reunimos en una jornada y fecha que sea conveniente para todos y realizamos el curso en tu sede o un lugar cercano.</p>



<p></p>
</div>
</div>



<div class="wp-block-columns alignwide is-layout-flex wp-container-core-columns-is-layout-1d9f35bd wp-block-columns-is-layout-flex">
<div class="wp-block-column is-layout-flow wp-block-column-is-layout-flow">
<p class="has-text-align-left has-x-large-font-size"><strong>4 ¡Estudiamos!</strong></p>



<p>Una vez reunidos los interesados en el curso, solo te queda poner las ganas de aprender. ¡Nosotros nos encargamos del resto!</p>
</div>
</div>
</div>



<div class="wp-block-group alignfull has-global-padding is-layout-constrained wp-block-group-is-layout-constrained" style="margin-top:0;margin-bottom:0;padding-top:var(--wp--preset--spacing--60);padding-bottom:var(--wp--preset--spacing--60)">
<h2 class="wp-block-heading alignwide">Juntas de Vecinos en Convenio</h2>



<div class="wp-block-columns alignwide is-layout-flex wp-container-core-columns-is-layout-1d9f35bd wp-block-columns-is-layout-flex">
<div class="wp-block-column has-border-color is-layout-flow wp-block-column-is-layout-flow" style="border-color:var(--wp--preset--color--accent-6);border-width:1px;border-radius:10px;padding-top:var(--wp--preset--spacing--50);padding-right:var(--wp--preset--spacing--50);padding-bottom:var(--wp--preset--spacing--50);padding-left:var(--wp--preset--spacing--50)">
<h3 class="wp-block-heading">Junta de Vecinos N°32 de Pedro Aguirre Cerda</h3>



<p class="has-medium-font-size">Pioneros en llevar la capacitación a su comunidad, transformando la vida de sus vecinos con el curso de Instalaciones Eléctricas. Un verdadero caso de éxito que demuestra el poder de la organización comunitaria.</p>
</div>



<div class="wp-block-column has-border-color has-background is-layout-flow wp-block-column-is-layout-flow" style="border-color:var(--wp--preset--color--accent-6);border-width:1px;border-radius:10px;background-color:#0468b4;padding-top:var(--wp--preset--spacing--50);padding-right:var(--wp--preset--spacing--50);padding-bottom:var(--wp--preset--spacing--50);padding-left:var(--wp--preset--spacing--50)">
<h3 class="wp-block-heading has-base-color has-text-color has-link-color wp-elements-0a136422c99f52a30cd5b21205bae028"><strong>¿La tuya puede ser la próxima?</strong></h3>



<p class="has-base-color has-text-color has-link-color has-medium-font-size wp-elements-663b225510e441badd564b09bd8d9aeb">Invita a la directiva de tu Junta de Vecinos a contactarnos y sé el motor de cambio en tu barrio.</p>



<div class="wp-block-buttons is-content-justification-center is-layout-flex wp-container-core-buttons-is-layout-a89b3969 wp-block-buttons-is-layout-flex">
<div class="wp-block-button is-style-fill"><a class="wp-block-button__link has-contrast-color has-accent-1-background-color has-text-color has-background has-link-color has-text-align-center wp-element-button" href="https://www.elprofemecapacita.cl/web/contacto/"><strong>Invita a tu directiva</strong></a></div>
</div>
</div>
</div>
</div>

<p>Capacitación directo en tu comunidad. ¿Sabías que puedes llevar nuestros cursos a tu Junta de Vecinos? Entendemos que el tiempo y la distancia pueden ser un problema. Por eso, hemos creado un modelo para llevar la capacitación directamente a tu barrio. Nos coordinamos con la directiva de tu Junta de Vecinos para realizar los cursos [&hellip;]</p>
