{"id":64,"date":"2025-10-12T20:38:58","date_gmt":"2025-10-12T23:38:58","guid":{"rendered":"https:\/\/www.elprofemecapacita.cl\/web\/?page_id=64"},"modified":"2025-10-14T10:48:57","modified_gmt":"2025-10-14T13:48:57","slug":"inicio","status":"publish","type":"page","link":"https:\/\/www.elprofemecapacita.cl\/web\/","title":{"rendered":"Inicio"},"content":{"rendered":"\n<div class=\"wp-block-group alignfull has-global-padding is-layout-constrained wp-container-core-group-is-layout-0c9c989a wp-block-group-is-layout-constrained\" style=\"min-height:0vh;margin-top:0;margin-bottom:0;padding-top:var(--wp--preset--spacing--70);padding-right:var(--wp--preset--spacing--40);padding-bottom:var(--wp--preset--spacing--70);padding-left:var(--wp--preset--spacing--40)\">\n<div class=\"wp-block-group has-global-padding is-layout-constrained wp-container-core-group-is-layout-346627ba wp-block-group-is-layout-constrained\">\n<h2 class=\"wp-block-heading has-text-align-center has-xx-large-font-size\" style=\"margin-right:0;margin-left:0;padding-right:0;padding-left:0\"><strong>\u00bfLista para tomar el control<br>con tus propias manos?<\/strong><\/h2>\n\n\n\n<p class=\"has-text-align-center\">En &#8220;El Profe ME Capacita&#8221; no solo aprendes un oficio que te da independencia, te guiamos paso a paso para que hagas los cursos junto a tus vecinos y vecinas.<\/p>\n\n\n\n<div class=\"wp-block-buttons is-content-justification-center is-layout-flex wp-container-core-buttons-is-layout-a89b3969 wp-block-buttons-is-layout-flex\">\n<div class=\"wp-block-button is-style-fill\"><a class=\"wp-block-button__link has-background wp-element-button\" href=\"https:\/\/www.elprofemecapacita.cl\/web\/cursos\/\" style=\"background-color:#ffb459\">Ver Cursos Disponibles<\/a><\/div>\n\n\n\n<div class=\"wp-block-button is-style-fill\"><a class=\"wp-block-button__link has-background wp-element-button\" href=\"https:\/\/www.elprofemecapacita.cl\/web\/juntas-de-vecinos\/\" style=\"background-color:#a1a1a1\">Juntas de Vecinos Disponibles<\/a><\/div>\n<\/div>\n<\/div>\n<\/div>\n\n\n\n<div class=\"wp-block-group alignfull has-background has-global-padding is-layout-constrained wp-container-core-group-is-layout-ebee8dc1 wp-block-group-is-layout-constrained\" style=\"background-color:#f9fafb;margin-top:0;margin-bottom:0;padding-top:var(--wp--preset--spacing--50);padding-bottom:var(--wp--preset--spacing--50)\">\n<h2 class=\"wp-block-heading alignwide has-text-align-center\">Nuestros cursos m\u00e1s populares<\/h2>\n\n\n\n<div class=\"wp-block-columns alignwide is-layout-flex wp-container-core-columns-is-layout-28f84493 wp-block-columns-is-layout-flex\">\n<div class=\"wp-block-column is-layout-flow wp-block-column-is-layout-flow\">\n<figure class=\"wp-block-image size-full has-custom-border\" style=\"margin-bottom:24px\"><img loading=\"lazy\" decoding=\"async\" width=\"600\" height=\"400\" src=\"https:\/\/www.elprofemecapacita.cl\/web\/wp-content\/uploads\/2025\/10\/972-600x400b.jpg\" alt=\"\" class=\"wp-image-77\" style=\"border-radius:20px;aspect-ratio:4\/3;object-fit:cover\" srcset=\"https:\/\/www.elprofemecapacita.cl\/web\/wp-content\/uploads\/2025\/10\/972-600x400b.jpg 600w, https:\/\/www.elprofemecapacita.cl\/web\/wp-content\/uploads\/2025\/10\/972-600x400b-300x200.jpg 300w\" sizes=\"auto, (max-width: 600px) 100vw, 600px\" \/><\/figure>\n\n\n\n<h3 class=\"wp-block-heading\">Instalaciones El\u00e9ctricas Domiciliarias<\/h3>\n\n\n\n<p class=\"has-medium-font-size\">Aprende un oficio de alta demanda y convi\u00e9rtete en la profesional que tu comunidad necesita.<\/p>\n<\/div>\n\n\n\n<div class=\"wp-block-column is-layout-flow wp-block-column-is-layout-flow\">\n<figure class=\"wp-block-image size-full has-custom-border\" style=\"margin-bottom:24px\"><img loading=\"lazy\" decoding=\"async\" width=\"600\" height=\"400\" src=\"https:\/\/www.elprofemecapacita.cl\/web\/wp-content\/uploads\/2025\/10\/600x400-gasfiteria.jpg\" alt=\"\" class=\"wp-image-78\" style=\"border-radius:20px;aspect-ratio:4\/3;object-fit:cover\" srcset=\"https:\/\/www.elprofemecapacita.cl\/web\/wp-content\/uploads\/2025\/10\/600x400-gasfiteria.jpg 600w, https:\/\/www.elprofemecapacita.cl\/web\/wp-content\/uploads\/2025\/10\/600x400-gasfiteria-300x200.jpg 300w\" sizes=\"auto, (max-width: 600px) 100vw, 600px\" \/><\/figure>\n\n\n\n<h3 class=\"wp-block-heading\">Gasfiter\u00eda Moderna y Sanitaria<\/h3>\n\n\n\n<p class=\"has-medium-font-size\">Domina el arte de las instalaciones de agua y sanitarias, un servicio esencial en todo hogar.<\/p>\n<\/div>\n\n\n\n<div class=\"wp-block-column is-layout-flow wp-block-column-is-layout-flow\">\n<figure class=\"wp-block-image size-full has-custom-border\" style=\"margin-bottom:24px\"><img loading=\"lazy\" decoding=\"async\" width=\"600\" height=\"400\" src=\"https:\/\/www.elprofemecapacita.cl\/web\/wp-content\/uploads\/2025\/10\/600x400-soldadura-al-arco.jpg\" alt=\"\" class=\"wp-image-79\" style=\"border-radius:21px;aspect-ratio:4\/3;object-fit:cover\" srcset=\"https:\/\/www.elprofemecapacita.cl\/web\/wp-content\/uploads\/2025\/10\/600x400-soldadura-al-arco.jpg 600w, https:\/\/www.elprofemecapacita.cl\/web\/wp-content\/uploads\/2025\/10\/600x400-soldadura-al-arco-300x200.jpg 300w\" sizes=\"auto, (max-width: 600px) 100vw, 600px\" \/><\/figure>\n\n\n\n<h3 class=\"wp-block-heading\">Soldadura al Arco para Principiantes<\/h3>\n\n\n\n<p class=\"has-medium-font-size\">In\u00edciate en el mundo de las estructuras met\u00e1licas y abre la puerta a nuevas oportunidades laborales.<\/p>\n<\/div>\n<\/div>\n<\/div>\n\n\n\n<div class=\"wp-block-group alignfull has-background has-global-padding is-layout-constrained wp-block-group-is-layout-constrained\" style=\"background-color:#fefce8;margin-top:0;margin-bottom:0;padding-top:var(--wp--preset--spacing--60);padding-bottom:var(--wp--preset--spacing--60)\">\n<div class=\"wp-block-columns alignwide is-layout-flex wp-container-core-columns-is-layout-74b2cda3 wp-block-columns-is-layout-flex\">\n<div class=\"wp-block-column is-layout-flow wp-block-column-is-layout-flow\">\n<div class=\"wp-block-group is-vertical is-content-justification-center is-layout-flex wp-container-core-group-is-layout-eee6a810 wp-block-group-is-layout-flex\" style=\"min-height:100%\">\n<h2 class=\"wp-block-heading is-style-text-annotation has-x-small-font-size is-style-text-annotation--1\">Lo que dice la gente<\/h2>\n\n\n\n<blockquote class=\"wp-block-quote has-text-align-center is-style-plain has-x-large-font-size is-layout-flow wp-container-core-quote-is-layout-5dafc681 wp-block-quote-is-layout-flow is-style-plain--2\" style=\"font-style:normal;font-weight:400\">\n<div class=\"wp-block-group has-global-padding is-content-justification-left is-layout-constrained wp-container-core-group-is-layout-085bd3d9 wp-block-group-is-layout-constrained\" style=\"margin-top:0;margin-bottom:0;padding-top:0;padding-right:0;padding-bottom:0;padding-left:0\">\n<p class=\"has-text-align-center has-medium-font-size\">&#8220;Pens\u00e9 que era muy dif\u00edcil, pero el profe explic\u00f3 todo tan claro que perd\u00ed el miedo. Ahora hago mis propias peguitas los fines de semana y es un ingreso extra que me cambi\u00f3 la vida. Me ayudaron hasta con el papeleo del subsidio.&#8221;<\/p>\n<\/div>\n<cite>Marcela D\u00edaz<br><sub>Alumna de Instalaciones El\u00e9ctricas<\/sub><\/cite><\/blockquote>\n<\/div>\n<\/div>\n<\/div>\n<\/div>\n\n\n\n<div class=\"wp-block-group alignfull has-global-padding is-layout-constrained wp-block-group-is-layout-constrained\" style=\"margin-top:0;margin-bottom:0;padding-top:var(--wp--preset--spacing--60);padding-bottom:var(--wp--preset--spacing--60)\">\n<h2 class=\"wp-block-heading alignwide has-text-align-center\">\u00bfPor qu\u00e9 elegirnos?<\/h2>\n\n\n\n<p class=\"has-text-align-center\">Somos m\u00e1s que un curso, somos tu compa\u00f1ero de ruta.<\/p>\n\n\n\n<div style=\"height:var(--wp--preset--spacing--40)\" aria-hidden=\"true\" class=\"wp-block-spacer\"><\/div>\n\n\n\n<div class=\"wp-block-columns alignwide is-layout-flex wp-container-core-columns-is-layout-1d9f35bd wp-block-columns-is-layout-flex\">\n<div class=\"wp-block-column has-border-color is-layout-flow wp-block-column-is-layout-flow\" style=\"border-color:var(--wp--preset--color--accent-6);border-width:1px;border-radius:10px;padding-top:var(--wp--preset--spacing--50);padding-right:var(--wp--preset--spacing--50);padding-bottom:var(--wp--preset--spacing--50);padding-left:var(--wp--preset--spacing--50)\">\n<h3 class=\"wp-block-heading\" id=\"free\">Apoyo con Juntas de Vecinos<\/h3>\n\n\n\n<p class=\"has-medium-font-size\">Te ense\u00f1amos en tu Junta de Vecinos m\u00e1s cercana.<\/p>\n<\/div>\n\n\n\n<div class=\"wp-block-column has-border-color is-layout-flow wp-block-column-is-layout-flow\" style=\"border-color:var(--wp--preset--color--accent-6);border-width:1px;border-radius:10px;padding-top:var(--wp--preset--spacing--50);padding-right:var(--wp--preset--spacing--50);padding-bottom:var(--wp--preset--spacing--50);padding-left:var(--wp--preset--spacing--50)\">\n<h3 class=\"wp-block-heading\" id=\"single\">Profes con Experiencia Real<\/h3>\n\n\n\n<p class=\"has-medium-font-size\">Aprende de maestros que han trabajado por a\u00f1os en el oficio que ense\u00f1an. Saben lo que el mundo real necesita.<\/p>\n<\/div>\n\n\n\n<div class=\"wp-block-column has-border-color is-layout-flow wp-block-column-is-layout-flow\" style=\"border-color:var(--wp--preset--color--accent-6);border-width:1px;border-radius:10px;padding-top:var(--wp--preset--spacing--50);padding-right:var(--wp--preset--spacing--50);padding-bottom:var(--wp--preset--spacing--50);padding-left:var(--wp--preset--spacing--50)\">\n<h3 class=\"wp-block-heading\" id=\"single\">Enfoque 100% Pr\u00e1ctico<\/h3>\n\n\n\n<p class=\"has-medium-font-size\">Menos teor\u00eda y m\u00e1s &#8220;aprender haciendo&#8221;. Desde el primer d\u00eda usar\u00e1s las herramientas y materiales.<\/p>\n<\/div>\n<\/div>\n<\/div>\n","protected":false},"excerpt":{"rendered":"<p>\u00bfLista para tomar el controlcon tus propias manos? En &#8220;El Profe ME Capacita&#8221; no solo aprendes un oficio que te da independencia, te guiamos paso a paso para que hagas los cursos junto a tus vecinos y vecinas. Nuestros cursos m\u00e1s populares Instalaciones El\u00e9ctricas Domiciliarias Aprende un oficio de alta demanda y convi\u00e9rtete en la [&hellip;]<\/p>\n","protected":false},"author":1,"featured_media":0,"parent":0,"menu_order":0,"comment_status":"closed","ping_status":"closed","template":"portada","meta":{"footnotes":""},"class_list":["post-64","page","type-page","status-publish","hentry"],"_links":{"self":[{"href":"https:\/\/www.elprofemecapacita.cl\/web\/wp-json\/wp\/v2\/pages\/64","targetHints":{"allow":["GET"]}}],"collection":[{"href":"https:\/\/www.elprofemecapacita.cl\/web\/wp-json\/wp\/v2\/pages"}],"about":[{"href":"https:\/\/www.elprofemecapacita.cl\/web\/wp-json\/wp\/v2\/types\/page"}],"author":[{"embeddable":true,"href":"https:\/\/www.elprofemecapacita.cl\/web\/wp-json\/wp\/v2\/users\/1"}],"replies":[{"embeddable":true,"href":"https:\/\/www.elprofemecapacita.cl\/web\/wp-json\/wp\/v2\/comments?post=64"}],"version-history":[{"count":19,"href":"https:\/\/www.elprofemecapacita.cl\/web\/wp-json\/wp\/v2\/pages\/64\/revisions"}],"predecessor-version":[{"id":157,"href":"https:\/\/www.elprofemecapacita.cl\/web\/wp-json\/wp\/v2\/pages\/64\/revisions\/157"}],"wp:attachment":[{"href":"https:\/\/www.elprofemecapacita.cl\/web\/wp-json\/wp\/v2\/media?parent=64"}],"curies":[{"name":"wp","href":"https:\/\/api.w.org\/{rel}","templated":true}]}}

<div class="wp-block-group alignfull has-global-padding is-layout-constrained wp-container-core-group-is-layout-0c9c989a wp-block-group-is-layout-constrained" style="min-height:0vh;margin-top:0;margin-bottom:0;padding-top:var(--wp--preset--spacing--70);padding-right:var(--wp--preset--spacing--40);padding-bottom:var(--wp--preset--spacing--70);padding-left:var(--wp--preset--spacing--40)">
<div class="wp-block-group has-global-padding is-layout-constrained wp-container-core-group-is-layout-346627ba wp-block-group-is-layout-constrained">
<h2 class="wp-block-heading has-text-align-center has-xx-large-font-size" style="margin-right:0;margin-left:0;padding-right:0;padding-left:0"><strong>¿Lista para tomar el control<br>con tus propias manos?</strong></h2>



<p class="has-text-align-center">En &#8220;El Profe ME Capacita&#8221; no solo aprendes un oficio que te da independencia, te guiamos paso a paso para que hagas los cursos junto a tus vecinos y vecinas.</p>



<div class="wp-block-buttons is-content-justification-center is-layout-flex wp-container-core-buttons-is-layout-a89b3969 wp-block-buttons-is-layout-flex">
<div class="wp-block-button is-style-fill"><a class="wp-block-button__link has-background wp-element-button" href="https://www.elprofemecapacita.cl/web/cursos/" style="background-color:#ffb459">Ver Cursos Disponibles</a></div>



<div class="wp-block-button is-style-fill"><a class="wp-block-button__link has-background wp-element-button" href="https://www.elprofemecapacita.cl/web/juntas-de-vecinos/" style="background-color:#a1a1a1">Juntas de Vecinos Disponibles</a></div>
</div>
</div>
</div>



<div class="wp-block-group alignfull has-background has-global-padding is-layout-constrained wp-container-core-group-is-layout-ebee8dc1 wp-block-group-is-layout-constrained" style="background-color:#f9fafb;margin-top:0;margin-bottom:0;padding-top:var(--wp--preset--spacing--50);padding-bottom:var(--wp--preset--spacing--50)">
<h2 class="wp-block-heading alignwide has-text-align-center">Nuestros cursos más populares</h2>



<div class="wp-block-columns alignwide is-layout-flex wp-container-core-columns-is-layout-28f84493 wp-block-columns-is-layout-flex">
<div class="wp-block-column is-layout-flow wp-block-column-is-layout-flow">
<figure class="wp-block-image size-full has-custom-border" style="margin-bottom:24px"><img loading="lazy" decoding="async" width="600" height="400" src="https://www.elprofemecapacita.cl/web/wp-content/uploads/2025/10/972-600x400b.jpg" alt="" class="wp-image-77" style="border-radius:20px;aspect-ratio:4/3;object-fit:cover" srcset="https://www.elprofemecapacita.cl/web/wp-content/uploads/2025/10/972-600x400b.jpg 600w, https://www.elprofemecapacita.cl/web/wp-content/uploads/2025/10/972-600x400b-300x200.jpg 300w" sizes="auto, (max-width: 600px) 100vw, 600px" /></figure>



<h3 class="wp-block-heading">Instalaciones Eléctricas Domiciliarias</h3>



<p class="has-medium-font-size">Aprende un oficio de alta demanda y conviértete en la profesional que tu comunidad necesita.</p>
</div>



<div class="wp-block-column is-layout-flow wp-block-column-is-layout-flow">
<figure class="wp-block-image size-full has-custom-border" style="margin-bottom:24px"><img loading="lazy" decoding="async" width="600" height="400" src="https://www.elprofemecapacita.cl/web/wp-content/uploads/2025/10/600x400-gasfiteria.jpg" alt="" class="wp-image-78" style="border-radius:20px;aspect-ratio:4/3;object-fit:cover" srcset="https://www.elprofemecapacita.cl/web/wp-content/uploads/2025/10/600x400-gasfiteria.jpg 600w, https://www.elprofemecapacita.cl/web/wp-content/uploads/2025/10/600x400-gasfiteria-300x200.jpg 300w" sizes="auto, (max-width: 600px) 100vw, 600px" /></figure>



<h3 class="wp-block-heading">Gasfitería Moderna y Sanitaria</h3>



<p class="has-medium-font-size">Domina el arte de las instalaciones de agua y sanitarias, un servicio esencial en todo hogar.</p>
</div>



<div class="wp-block-column is-layout-flow wp-block-column-is-layout-flow">
<figure class="wp-block-image size-full has-custom-border" style="margin-bottom:24px"><img loading="lazy" decoding="async" width="600" height="400" src="https://www.elprofemecapacita.cl/web/wp-content/uploads/2025/10/600x400-soldadura-al-arco.jpg" alt="" class="wp-image-79" style="border-radius:21px;aspect-ratio:4/3;object-fit:cover" srcset="https://www.elprofemecapacita.cl/web/wp-content/uploads/2025/10/600x400-soldadura-al-arco.jpg 600w, https://www.elprofemecapacita.cl/web/wp-content/uploads/2025/10/600x400-soldadura-al-arco-300x200.jpg 300w" sizes="auto, (max-width: 600px) 100vw, 600px" /></figure>



<h3 class="wp-block-heading">Soldadura al Arco para Principiantes</h3>



<p class="has-medium-font-size">Iníciate en el mundo de las estructuras metálicas y abre la puerta a nuevas oportunidades laborales.</p>
</div>
</div>
</div>



<div class="wp-block-group alignfull has-background has-global-padding is-layout-constrained wp-block-group-is-layout-constrained" style="background-color:#fefce8;margin-top:0;margin-bottom:0;padding-top:var(--wp--preset--spacing--60);padding-bottom:var(--wp--preset--spacing--60)">
<div class="wp-block-columns alignwide is-layout-flex wp-container-core-columns-is-layout-74b2cda3 wp-block-columns-is-layout-flex">
<div class="wp-block-column is-layout-flow wp-block-column-is-layout-flow">
<div class="wp-block-group is-vertical is-content-justification-center is-layout-flex wp-container-core-group-is-layout-eee6a810 wp-block-group-is-layout-flex" style="min-height:100%">
<h2 class="wp-block-heading is-style-text-annotation has-x-small-font-size is-style-text-annotation--1">Lo que dice la gente</h2>



<blockquote class="wp-block-quote has-text-align-center is-style-plain has-x-large-font-size is-layout-flow wp-container-core-quote-is-layout-5dafc681 wp-block-quote-is-layout-flow is-style-plain--2" style="font-style:normal;font-weight:400">
<div class="wp-block-group has-global-padding is-content-justification-left is-layout-constrained wp-container-core-group-is-layout-085bd3d9 wp-block-group-is-layout-constrained" style="margin-top:0;margin-bottom:0;padding-top:0;padding-right:0;padding-bottom:0;padding-left:0">
<p class="has-text-align-center has-medium-font-size">&#8220;Pensé que era muy difícil, pero el profe explicó todo tan claro que perdí el miedo. Ahora hago mis propias peguitas los fines de semana y es un ingreso extra que me cambió la vida. Me ayudaron hasta con el papeleo del subsidio.&#8221;</p>
</div>
<cite>Marcela Díaz<br><sub>Alumna de Instalaciones Eléctricas</sub></cite></blockquote>
</div>
</div>
</div>
</div>



<div class="wp-block-group alignfull has-global-padding is-layout-constrained wp-block-group-is-layout-constrained" style="margin-top:0;margin-bottom:0;padding-top:var(--wp--preset--spacing--60);padding-bottom:var(--wp--preset--spacing--60)">
<h2 class="wp-block-heading alignwide has-text-align-center">¿Por qué elegirnos?</h2>



<p class="has-text-align-center">Somos más que un curso, somos tu compañero de ruta.</p>



<div style="height:var(--wp--preset--spacing--40)" aria-hidden="true" class="wp-block-spacer"></div>



<div class="wp-block-columns alignwide is-layout-flex wp-container-core-columns-is-layout-1d9f35bd wp-block-columns-is-layout-flex">
<div class="wp-block-column has-border-color is-layout-flow wp-block-column-is-layout-flow" style="border-color:var(--wp--preset--color--accent-6);border-width:1px;border-radius:10px;padding-top:var(--wp--preset--spacing--50);padding-right:var(--wp--preset--spacing--50);padding-bottom:var(--wp--preset--spacing--50);padding-left:var(--wp--preset--spacing--50)">
<h3 class="wp-block-heading" id="free">Apoyo con Juntas de Vecinos</h3>



<p class="has-medium-font-size">Te enseñamos en tu Junta de Vecinos más cercana.</p>
</div>



<div class="wp-block-column has-border-color is-layout-flow wp-block-column-is-layout-flow" style="border-color:var(--wp--preset--color--accent-6);border-width:1px;border-radius:10px;padding-top:var(--wp--preset--spacing--50);padding-right:var(--wp--preset--spacing--50);padding-bottom:var(--wp--preset--spacing--50);padding-left:var(--wp--preset--spacing--50)">
<h3 class="wp-block-heading" id="single">Profes con Experiencia Real</h3>



<p class="has-medium-font-size">Aprende de maestros que han trabajado por años en el oficio que enseñan. Saben lo que el mundo real necesita.</p>
</div>



<div class="wp-block-column has-border-color is-layout-flow wp-block-column-is-layout-flow" style="border-color:var(--wp--preset--color--accent-6);border-width:1px;border-radius:10px;padding-top:var(--wp--preset--spacing--50);padding-right:var(--wp--preset--spacing--50);padding-bottom:var(--wp--preset--spacing--50);padding-left:var(--wp--preset--spacing--50)">
<h3 class="wp-block-heading" id="single">Enfoque 100% Práctico</h3>



<p class="has-medium-font-size">Menos teoría y más &#8220;aprender haciendo&#8221;. Desde el primer día usarás las herramientas y materiales.</p>
</div>
</div>
</div>

<p>¿Lista para tomar el controlcon tus propias manos? En &#8220;El Profe ME Capacita&#8221; no solo aprendes un oficio que te da independencia, te guiamos paso a paso para que hagas los cursos junto a tus vecinos y vecinas. Nuestros cursos más populares Instalaciones Eléctricas Domiciliarias Aprende un oficio de alta demanda y conviértete en la [&hellip;]</p>
