{"id":116,"date":"2025-10-14T09:57:36","date_gmt":"2025-10-14T12:57:36","guid":{"rendered":"https:\/\/www.elprofemecapacita.cl\/web\/?page_id=116"},"modified":"2025-10-14T10:06:51","modified_gmt":"2025-10-14T13:06:51","slug":"nuestro-metodo","status":"publish","type":"page","link":"https:\/\/www.elprofemecapacita.cl\/web\/nuestro-metodo\/","title":{"rendered":"Nuestro m\u00e9todo"},"content":{"rendered":"\n<div class=\"wp-block-group alignfull has-global-padding is-layout-constrained wp-block-group-is-layout-constrained\" style=\"margin-top:0;margin-bottom:0;padding-top:var(--wp--preset--spacing--50);padding-bottom:var(--wp--preset--spacing--50)\">\n<div class=\"wp-block-columns alignwide is-layout-flex wp-container-core-columns-is-layout-47c06fe3 wp-block-columns-is-layout-flex\">\n<div class=\"wp-block-column is-layout-flow wp-block-column-is-layout-flow\" style=\"flex-basis:100%\">\n<h2 class=\"wp-block-heading has-text-align-center\">Menos teor\u00eda, m\u00e1s pr\u00e1ctica.<\/h2>\n\n\n\n<p class=\"has-text-align-center has-text-color has-link-color has-large-font-size wp-elements-c80e96ae3ed15cb018a5aae7efdf0b1b\" style=\"color:#0468b4\"><strong>Aprende hoy, apl\u00edcalo ma\u00f1ana.<\/strong><\/p>\n\n\n\n<p class=\"has-text-align-left\">Sabemos que no tienes tiempo que perder. Por eso, nuestros cursos est\u00e1n dise\u00f1ados con el m\u00e9todo &#8220;aprender haciendo&#8221;. Desde el primer d\u00eda estar\u00e1s trabajando con las herramientas, aprendiendo de profes que han estado en tu lugar y que conocen el oficio de verdad. Aqu\u00ed te preparamos para el mundo real, en grupos peque\u00f1os donde tu progreso es lo m\u00e1s importante.<\/p>\n<\/div>\n<\/div>\n<\/div>\n\n\n\n<div class=\"wp-block-group alignfull has-global-padding is-layout-constrained wp-block-group-is-layout-constrained\" style=\"margin-top:0;margin-bottom:0;padding-top:var(--wp--preset--spacing--50);padding-bottom:var(--wp--preset--spacing--50)\">\n<div class=\"wp-block-columns alignwide is-layout-flex wp-container-core-columns-is-layout-47c06fe3 wp-block-columns-is-layout-flex\">\n<div class=\"wp-block-column is-layout-flow wp-block-column-is-layout-flow\" style=\"flex-basis:56%\">\n<figure class=\"wp-block-image size-full has-custom-border is-style-default\"><img loading=\"lazy\" decoding=\"async\" width=\"500\" height=\"300\" src=\"https:\/\/www.elprofemecapacita.cl\/web\/wp-content\/uploads\/2025\/10\/aprender-haciendo.png\" alt=\"\" class=\"wp-image-118\" style=\"border-radius:20px;aspect-ratio:3\/2;object-fit:cover\" srcset=\"https:\/\/www.elprofemecapacita.cl\/web\/wp-content\/uploads\/2025\/10\/aprender-haciendo.png 500w, https:\/\/www.elprofemecapacita.cl\/web\/wp-content\/uploads\/2025\/10\/aprender-haciendo-300x180.png 300w\" sizes=\"auto, (max-width: 500px) 100vw, 500px\" \/><\/figure>\n<\/div>\n\n\n\n<div class=\"wp-block-column is-vertically-aligned-center is-layout-flow wp-container-core-column-is-layout-119bc444 wp-block-column-is-layout-flow\">\n<h2 class=\"wp-block-heading\">Aprender haciendo<\/h2>\n\n\n\n<p>Desde el primer d\u00eda estar\u00e1s trabajando con las herramientas y materiales reales del oficio. Creemos que la pr\u00e1ctica es la mejor maestra.<\/p>\n\n\n\n<div class=\"wp-block-buttons is-layout-flex wp-block-buttons-is-layout-flex\">\n<div class=\"wp-block-button\"><a class=\"wp-block-button__link wp-element-button\" href=\"https:\/\/www.elprofemecapacita.cl\/web\/contacto\/\">Saber m\u00e1s<\/a><\/div>\n<\/div>\n<\/div>\n<\/div>\n<\/div>\n\n\n\n<div class=\"wp-block-group alignfull has-global-padding is-layout-constrained wp-block-group-is-layout-constrained\" style=\"margin-top:0;margin-bottom:0;padding-top:var(--wp--preset--spacing--50);padding-bottom:var(--wp--preset--spacing--50)\">\n<div class=\"wp-block-columns alignwide is-layout-flex wp-container-core-columns-is-layout-47c06fe3 wp-block-columns-is-layout-flex\">\n<div class=\"wp-block-column is-vertically-aligned-center is-layout-flow wp-container-core-column-is-layout-119bc444 wp-block-column-is-layout-flow\">\n<h2 class=\"wp-block-heading\">Grupos peque\u00f1os<\/h2>\n\n\n\n<p>Trabajamos con un n\u00famero limitado de alumnos por curso para asegurarnos de que cada uno reciba la atenci\u00f3n personalizada que necesita para progresar.<\/p>\n\n\n\n<div class=\"wp-block-buttons is-layout-flex wp-block-buttons-is-layout-flex\">\n<div class=\"wp-block-button\"><a class=\"wp-block-button__link wp-element-button\" href=\"https:\/\/www.elprofemecapacita.cl\/web\/contacto\/\">Saber m\u00e1s<\/a><\/div>\n<\/div>\n<\/div>\n\n\n\n<div class=\"wp-block-column is-layout-flow wp-block-column-is-layout-flow\" style=\"flex-basis:56%\">\n<figure class=\"wp-block-image size-full has-custom-border is-style-default\"><img loading=\"lazy\" decoding=\"async\" width=\"500\" height=\"300\" src=\"https:\/\/www.elprofemecapacita.cl\/web\/wp-content\/uploads\/2025\/10\/grupos-pequenos.png\" alt=\"\" class=\"wp-image-120\" style=\"border-radius:20px;aspect-ratio:3\/2;object-fit:cover\" srcset=\"https:\/\/www.elprofemecapacita.cl\/web\/wp-content\/uploads\/2025\/10\/grupos-pequenos.png 500w, https:\/\/www.elprofemecapacita.cl\/web\/wp-content\/uploads\/2025\/10\/grupos-pequenos-300x180.png 300w\" sizes=\"auto, (max-width: 500px) 100vw, 500px\" \/><\/figure>\n<\/div>\n<\/div>\n<\/div>\n\n\n\n<div class=\"wp-block-group alignfull has-global-padding is-layout-constrained wp-block-group-is-layout-constrained\" style=\"margin-top:0;margin-bottom:0;padding-top:var(--wp--preset--spacing--50);padding-bottom:var(--wp--preset--spacing--50)\">\n<div class=\"wp-block-columns alignwide is-layout-flex wp-container-core-columns-is-layout-47c06fe3 wp-block-columns-is-layout-flex\">\n<div class=\"wp-block-column is-layout-flow wp-block-column-is-layout-flow\" style=\"flex-basis:56%\">\n<figure class=\"wp-block-image size-full has-custom-border is-style-default\"><img loading=\"lazy\" decoding=\"async\" width=\"500\" height=\"300\" src=\"https:\/\/www.elprofemecapacita.cl\/web\/wp-content\/uploads\/2025\/10\/profesionales.png\" alt=\"\" class=\"wp-image-121\" style=\"border-radius:20px;aspect-ratio:3\/2;object-fit:cover\" srcset=\"https:\/\/www.elprofemecapacita.cl\/web\/wp-content\/uploads\/2025\/10\/profesionales.png 500w, https:\/\/www.elprofemecapacita.cl\/web\/wp-content\/uploads\/2025\/10\/profesionales-300x180.png 300w\" sizes=\"auto, (max-width: 500px) 100vw, 500px\" \/><\/figure>\n<\/div>\n\n\n\n<div class=\"wp-block-column is-vertically-aligned-center is-layout-flow wp-container-core-column-is-layout-119bc444 wp-block-column-is-layout-flow\">\n<h2 class=\"wp-block-heading\">Profesionales del Oficio<\/h2>\n\n\n\n<p>Nuestros instructores no son solo profesores, son maestros con a\u00f1os de experiencia en el terreno. Te ense\u00f1ar\u00e1n los secretos que no aparecen en los libros.<\/p>\n\n\n\n<div class=\"wp-block-buttons is-layout-flex wp-block-buttons-is-layout-flex\">\n<div class=\"wp-block-button\"><a class=\"wp-block-button__link wp-element-button\" href=\"https:\/\/www.elprofemecapacita.cl\/web\/contacto\/\">Saber m\u00e1s<\/a><\/div>\n<\/div>\n<\/div>\n<\/div>\n<\/div>\n\n\n\n<div class=\"wp-block-group alignfull has-global-padding is-layout-constrained wp-block-group-is-layout-constrained\" style=\"margin-top:0;margin-bottom:0;padding-top:var(--wp--preset--spacing--50);padding-bottom:var(--wp--preset--spacing--50)\">\n<div class=\"wp-block-columns alignwide is-layout-flex wp-container-core-columns-is-layout-47c06fe3 wp-block-columns-is-layout-flex\">\n<div class=\"wp-block-column is-vertically-aligned-center is-layout-flow wp-container-core-column-is-layout-119bc444 wp-block-column-is-layout-flow\">\n<h2 class=\"wp-block-heading\">Enfoque en la Empleabilidad<\/h2>\n\n\n\n<p>No solo te ense\u00f1amos una habilidad, te preparamos para el mundo laboral. Aprender\u00e1s a hacer presupuestos, tratar con clientes y empezar tu propio negocio.<br><\/p>\n\n\n\n<div class=\"wp-block-buttons is-layout-flex wp-block-buttons-is-layout-flex\">\n<div class=\"wp-block-button\"><a class=\"wp-block-button__link wp-element-button\" href=\"https:\/\/www.elprofemecapacita.cl\/web\/contacto\/\">Saber m\u00e1s<\/a><\/div>\n<\/div>\n<\/div>\n\n\n\n<div class=\"wp-block-column is-layout-flow wp-block-column-is-layout-flow\" style=\"flex-basis:56%\">\n<figure class=\"wp-block-image size-full has-custom-border is-style-default\"><img loading=\"lazy\" decoding=\"async\" width=\"500\" height=\"300\" src=\"https:\/\/www.elprofemecapacita.cl\/web\/wp-content\/uploads\/2025\/10\/empleabilidad.png\" alt=\"\" class=\"wp-image-119\" style=\"border-radius:20px;aspect-ratio:3\/2;object-fit:cover\" srcset=\"https:\/\/www.elprofemecapacita.cl\/web\/wp-content\/uploads\/2025\/10\/empleabilidad.png 500w, https:\/\/www.elprofemecapacita.cl\/web\/wp-content\/uploads\/2025\/10\/empleabilidad-300x180.png 300w\" sizes=\"auto, (max-width: 500px) 100vw, 500px\" \/><\/figure>\n<\/div>\n<\/div>\n<\/div>\n","protected":false},"excerpt":{"rendered":"<p>Menos teor\u00eda, m\u00e1s pr\u00e1ctica. Aprende hoy, apl\u00edcalo ma\u00f1ana. Sabemos que no tienes tiempo que perder. Por eso, nuestros cursos est\u00e1n dise\u00f1ados con el m\u00e9todo &#8220;aprender haciendo&#8221;. Desde el primer d\u00eda estar\u00e1s trabajando con las herramientas, aprendiendo de profes que han estado en tu lugar y que conocen el oficio de verdad. Aqu\u00ed te preparamos para [&hellip;]<\/p>\n","protected":false},"author":1,"featured_media":0,"parent":0,"menu_order":0,"comment_status":"closed","ping_status":"closed","template":"portada","meta":{"footnotes":""},"class_list":["post-116","page","type-page","status-publish","hentry"],"_links":{"self":[{"href":"https:\/\/www.elprofemecapacita.cl\/web\/wp-json\/wp\/v2\/pages\/116","targetHints":{"allow":["GET"]}}],"collection":[{"href":"https:\/\/www.elprofemecapacita.cl\/web\/wp-json\/wp\/v2\/pages"}],"about":[{"href":"https:\/\/www.elprofemecapacita.cl\/web\/wp-json\/wp\/v2\/types\/page"}],"author":[{"embeddable":true,"href":"https:\/\/www.elprofemecapacita.cl\/web\/wp-json\/wp\/v2\/users\/1"}],"replies":[{"embeddable":true,"href":"https:\/\/www.elprofemecapacita.cl\/web\/wp-json\/wp\/v2\/comments?post=116"}],"version-history":[{"count":8,"href":"https:\/\/www.elprofemecapacita.cl\/web\/wp-json\/wp\/v2\/pages\/116\/revisions"}],"predecessor-version":[{"id":130,"href":"https:\/\/www.elprofemecapacita.cl\/web\/wp-json\/wp\/v2\/pages\/116\/revisions\/130"}],"wp:attachment":[{"href":"https:\/\/www.elprofemecapacita.cl\/web\/wp-json\/wp\/v2\/media?parent=116"}],"curies":[{"name":"wp","href":"https:\/\/api.w.org\/{rel}","templated":true}]}}

Nuestro método

<div class="wp-block-group alignfull has-global-padding is-layout-constrained wp-block-group-is-layout-constrained" style="margin-top:0;margin-bottom:0;padding-top:var(--wp--preset--spacing--50);padding-bottom:var(--wp--preset--spacing--50)">
<div class="wp-block-columns alignwide is-layout-flex wp-container-core-columns-is-layout-47c06fe3 wp-block-columns-is-layout-flex">
<div class="wp-block-column is-layout-flow wp-block-column-is-layout-flow" style="flex-basis:100%">
<h2 class="wp-block-heading has-text-align-center">Menos teoría, más práctica.</h2>



<p class="has-text-align-center has-text-color has-link-color has-large-font-size wp-elements-c80e96ae3ed15cb018a5aae7efdf0b1b" style="color:#0468b4"><strong>Aprende hoy, aplícalo mañana.</strong></p>



<p class="has-text-align-left">Sabemos que no tienes tiempo que perder. Por eso, nuestros cursos están diseñados con el método &#8220;aprender haciendo&#8221;. Desde el primer día estarás trabajando con las herramientas, aprendiendo de profes que han estado en tu lugar y que conocen el oficio de verdad. Aquí te preparamos para el mundo real, en grupos pequeños donde tu progreso es lo más importante.</p>
</div>
</div>
</div>



<div class="wp-block-group alignfull has-global-padding is-layout-constrained wp-block-group-is-layout-constrained" style="margin-top:0;margin-bottom:0;padding-top:var(--wp--preset--spacing--50);padding-bottom:var(--wp--preset--spacing--50)">
<div class="wp-block-columns alignwide is-layout-flex wp-container-core-columns-is-layout-47c06fe3 wp-block-columns-is-layout-flex">
<div class="wp-block-column is-layout-flow wp-block-column-is-layout-flow" style="flex-basis:56%">
<figure class="wp-block-image size-full has-custom-border is-style-default"><img loading="lazy" decoding="async" width="500" height="300" src="https://www.elprofemecapacita.cl/web/wp-content/uploads/2025/10/aprender-haciendo.png" alt="" class="wp-image-118" style="border-radius:20px;aspect-ratio:3/2;object-fit:cover" srcset="https://www.elprofemecapacita.cl/web/wp-content/uploads/2025/10/aprender-haciendo.png 500w, https://www.elprofemecapacita.cl/web/wp-content/uploads/2025/10/aprender-haciendo-300x180.png 300w" sizes="auto, (max-width: 500px) 100vw, 500px" /></figure>
</div>



<div class="wp-block-column is-vertically-aligned-center is-layout-flow wp-container-core-column-is-layout-119bc444 wp-block-column-is-layout-flow">
<h2 class="wp-block-heading">Aprender haciendo</h2>



<p>Desde el primer día estarás trabajando con las herramientas y materiales reales del oficio. Creemos que la práctica es la mejor maestra.</p>



<div class="wp-block-buttons is-layout-flex wp-block-buttons-is-layout-flex">
<div class="wp-block-button"><a class="wp-block-button__link wp-element-button" href="https://www.elprofemecapacita.cl/web/contacto/">Saber más</a></div>
</div>
</div>
</div>
</div>



<div class="wp-block-group alignfull has-global-padding is-layout-constrained wp-block-group-is-layout-constrained" style="margin-top:0;margin-bottom:0;padding-top:var(--wp--preset--spacing--50);padding-bottom:var(--wp--preset--spacing--50)">
<div class="wp-block-columns alignwide is-layout-flex wp-container-core-columns-is-layout-47c06fe3 wp-block-columns-is-layout-flex">
<div class="wp-block-column is-vertically-aligned-center is-layout-flow wp-container-core-column-is-layout-119bc444 wp-block-column-is-layout-flow">
<h2 class="wp-block-heading">Grupos pequeños</h2>



<p>Trabajamos con un número limitado de alumnos por curso para asegurarnos de que cada uno reciba la atención personalizada que necesita para progresar.</p>



<div class="wp-block-buttons is-layout-flex wp-block-buttons-is-layout-flex">
<div class="wp-block-button"><a class="wp-block-button__link wp-element-button" href="https://www.elprofemecapacita.cl/web/contacto/">Saber más</a></div>
</div>
</div>



<div class="wp-block-column is-layout-flow wp-block-column-is-layout-flow" style="flex-basis:56%">
<figure class="wp-block-image size-full has-custom-border is-style-default"><img loading="lazy" decoding="async" width="500" height="300" src="https://www.elprofemecapacita.cl/web/wp-content/uploads/2025/10/grupos-pequenos.png" alt="" class="wp-image-120" style="border-radius:20px;aspect-ratio:3/2;object-fit:cover" srcset="https://www.elprofemecapacita.cl/web/wp-content/uploads/2025/10/grupos-pequenos.png 500w, https://www.elprofemecapacita.cl/web/wp-content/uploads/2025/10/grupos-pequenos-300x180.png 300w" sizes="auto, (max-width: 500px) 100vw, 500px" /></figure>
</div>
</div>
</div>



<div class="wp-block-group alignfull has-global-padding is-layout-constrained wp-block-group-is-layout-constrained" style="margin-top:0;margin-bottom:0;padding-top:var(--wp--preset--spacing--50);padding-bottom:var(--wp--preset--spacing--50)">
<div class="wp-block-columns alignwide is-layout-flex wp-container-core-columns-is-layout-47c06fe3 wp-block-columns-is-layout-flex">
<div class="wp-block-column is-layout-flow wp-block-column-is-layout-flow" style="flex-basis:56%">
<figure class="wp-block-image size-full has-custom-border is-style-default"><img loading="lazy" decoding="async" width="500" height="300" src="https://www.elprofemecapacita.cl/web/wp-content/uploads/2025/10/profesionales.png" alt="" class="wp-image-121" style="border-radius:20px;aspect-ratio:3/2;object-fit:cover" srcset="https://www.elprofemecapacita.cl/web/wp-content/uploads/2025/10/profesionales.png 500w, https://www.elprofemecapacita.cl/web/wp-content/uploads/2025/10/profesionales-300x180.png 300w" sizes="auto, (max-width: 500px) 100vw, 500px" /></figure>
</div>



<div class="wp-block-column is-vertically-aligned-center is-layout-flow wp-container-core-column-is-layout-119bc444 wp-block-column-is-layout-flow">
<h2 class="wp-block-heading">Profesionales del Oficio</h2>



<p>Nuestros instructores no son solo profesores, son maestros con años de experiencia en el terreno. Te enseñarán los secretos que no aparecen en los libros.</p>



<div class="wp-block-buttons is-layout-flex wp-block-buttons-is-layout-flex">
<div class="wp-block-button"><a class="wp-block-button__link wp-element-button" href="https://www.elprofemecapacita.cl/web/contacto/">Saber más</a></div>
</div>
</div>
</div>
</div>



<div class="wp-block-group alignfull has-global-padding is-layout-constrained wp-block-group-is-layout-constrained" style="margin-top:0;margin-bottom:0;padding-top:var(--wp--preset--spacing--50);padding-bottom:var(--wp--preset--spacing--50)">
<div class="wp-block-columns alignwide is-layout-flex wp-container-core-columns-is-layout-47c06fe3 wp-block-columns-is-layout-flex">
<div class="wp-block-column is-vertically-aligned-center is-layout-flow wp-container-core-column-is-layout-119bc444 wp-block-column-is-layout-flow">
<h2 class="wp-block-heading">Enfoque en la Empleabilidad</h2>



<p>No solo te enseñamos una habilidad, te preparamos para el mundo laboral. Aprenderás a hacer presupuestos, tratar con clientes y empezar tu propio negocio.<br></p>



<div class="wp-block-buttons is-layout-flex wp-block-buttons-is-layout-flex">
<div class="wp-block-button"><a class="wp-block-button__link wp-element-button" href="https://www.elprofemecapacita.cl/web/contacto/">Saber más</a></div>
</div>
</div>



<div class="wp-block-column is-layout-flow wp-block-column-is-layout-flow" style="flex-basis:56%">
<figure class="wp-block-image size-full has-custom-border is-style-default"><img loading="lazy" decoding="async" width="500" height="300" src="https://www.elprofemecapacita.cl/web/wp-content/uploads/2025/10/empleabilidad.png" alt="" class="wp-image-119" style="border-radius:20px;aspect-ratio:3/2;object-fit:cover" srcset="https://www.elprofemecapacita.cl/web/wp-content/uploads/2025/10/empleabilidad.png 500w, https://www.elprofemecapacita.cl/web/wp-content/uploads/2025/10/empleabilidad-300x180.png 300w" sizes="auto, (max-width: 500px) 100vw, 500px" /></figure>
</div>
</div>
</div>

<p>Menos teoría, más práctica. Aprende hoy, aplícalo mañana. Sabemos que no tienes tiempo que perder. Por eso, nuestros cursos están diseñados con el método &#8220;aprender haciendo&#8221;. Desde el primer día estarás trabajando con las herramientas, aprendiendo de profes que han estado en tu lugar y que conocen el oficio de verdad. Aquí te preparamos para [&hellip;]</p>
